{"id":119137,"date":"2023-10-22T11:25:59","date_gmt":"2023-10-22T09:25:59","guid":{"rendered":"https:\/\/www.logisticsautomationmadrid.com\/session\/el-rol-del-sga-en-la-logistica-del-e-commerce-y-temporada-black-friday\/"},"modified":"2023-10-22T11:26:00","modified_gmt":"2023-10-22T09:26:00","slug":"el-rol-del-sga-en-la-logistica-del-e-commerce-y-temporada-black-friday","status":"publish","type":"activity","link":"https:\/\/www.logisticsautomationmadrid.com\/en\/session\/el-rol-del-sga-en-la-logistica-del-e-commerce-y-temporada-black-friday\/","title":{"rendered":"El Rol del SGA en la Log\u00edstica del E-Commerce y temporada Black Friday"},"content":{"rendered":"\n<p>Explorando la trascendencia y eficiencia del Sistema de Gesti\u00f3n de Almacenes (SGA) en la Log\u00edstica del Comercio Electr\u00f3nico durante el auge de la temporada de Black Friday: Un an\u00e1lisis integral de escalabilidad, pr\u00e1cticas y estrategias de optimizaci\u00f3n.<\/p>\n","protected":false},"excerpt":{"rendered":"<p>Explorando la trascendencia y eficiencia del Sistema de Gesti\u00f3n de Almacenes (SGA) en la Log\u00edstica del Comercio Electr\u00f3nico durante el auge de la temporada de Black Friday: Un an\u00e1lisis integral de escalabilidad, pr\u00e1cticas y estrategias de optimizaci\u00f3n.<\/p>\n","protected":false},"featured_media":0,"template":"","meta":{"_seopress_robots_primary_cat":"","_seopress_titles_title":"El Rol del SGA en la Log\u00edstica del E-Commerce y temporada Black Friday","_seopress_titles_desc":"Explorando la trascendencia y eficiencia del Sistema de Gesti\u00f3n de Almacenes (SGA) en la Log\u00edstica del Comercio Electr\u00f3nico durante el auge de la temporada de Black Friday: Un an\u00e1lisis integral de escalabilidad, pr\u00e1cticas y estrategias de optimizaci\u00f3n.","_seopress_robots_index":"","_activity_time_start":"10:50","_activity_time_end":"11:10","_activity_date":"2023-11-30","_activity_price":"","footnotes":""},"edition":[2237],"location":[2273],"track":[],"activity_type":[2278],"class_list":["post-119137","activity","type-activity","status-publish","hentry","edition-congreso-logistics-autoamtion-23","location-sala-siemens-23","activity_type-dia-30"],"_guests":[],"_sponsors":[],"_cover_image":null,"_links":{"self":[{"href":"https:\/\/www.logisticsautomationmadrid.com\/en\/wp-json\/wp\/v2\/activity\/119137","targetHints":{"allow":["GET"]}}],"collection":[{"href":"https:\/\/www.logisticsautomationmadrid.com\/en\/wp-json\/wp\/v2\/activity"}],"about":[{"href":"https:\/\/www.logisticsautomationmadrid.com\/en\/wp-json\/wp\/v2\/types\/activity"}],"version-history":[{"count":1,"href":"https:\/\/www.logisticsautomationmadrid.com\/en\/wp-json\/wp\/v2\/activity\/119137\/revisions"}],"predecessor-version":[{"id":119138,"href":"https:\/\/www.logisticsautomationmadrid.com\/en\/wp-json\/wp\/v2\/activity\/119137\/revisions\/119138"}],"wp:attachment":[{"href":"https:\/\/www.logisticsautomationmadrid.com\/en\/wp-json\/wp\/v2\/media?parent=119137"}],"wp:term":[{"taxonomy":"edition","embeddable":true,"href":"https:\/\/www.logisticsautomationmadrid.com\/en\/wp-json\/wp\/v2\/edition?post=119137"},{"taxonomy":"location","embeddable":true,"href":"https:\/\/www.logisticsautomationmadrid.com\/en\/wp-json\/wp\/v2\/location?post=119137"},{"taxonomy":"track","embeddable":true,"href":"https:\/\/www.logisticsautomationmadrid.com\/en\/wp-json\/wp\/v2\/track?post=119137"},{"taxonomy":"activity_type","embeddable":true,"href":"https:\/\/www.logisticsautomationmadrid.com\/en\/wp-json\/wp\/v2\/activity_type?post=119137"}],"curies":[{"name":"wp","href":"https:\/\/api.w.org\/{rel}","templated":true}]}}

El Rol del SGA en la Logística del E-Commerce y temporada Black Friday

<p>Explorando la trascendencia y eficiencia del Sistema de Gestión de Almacenes (SGA) en la Logística del Comercio Electrónico durante el auge de la temporada de Black Friday: Un análisis integral de escalabilidad, prácticas y estrategias de optimización.</p>

Explorando la trascendencia y eficiencia del Sistema de Gestión de Almacenes (SGA) en la Logística del Comercio Electrónico durante el auge de la temporada de Black Friday: Un análisis integral de escalabilidad, prácticas y estrategias de optimización.
