{"id":119006,"date":"2023-10-21T13:22:22","date_gmt":"2023-10-21T11:22:22","guid":{"rendered":"https:\/\/www.logisticsautomationmadrid.com\/speaker\/ramon-garcia-director-general-centro-espanol-de-logistica\/"},"modified":"2023-10-21T13:22:22","modified_gmt":"2023-10-21T11:22:22","slug":"ramon-garcia-director-general-centro-espanol-de-logistica","status":"publish","type":"guest","link":"https:\/\/www.logisticsautomationmadrid.com\/en\/speaker\/ramon-garcia-director-general-centro-espanol-de-logistica\/","title":{"rendered":"Ram\u00f3n Garc\u00eda, Director General, Centro Espa\u00f1ol de Log\u00edstica"},"content":{"rendered":"","protected":false},"excerpt":{"rendered":"","protected":false},"featured_media":117977,"template":"","meta":{"_seopress_robots_primary_cat":"","_seopress_titles_title":"Ram\u00f3n Garc\u00eda, director general del Centro Espa\u00f1ol de Log\u00edstica","_seopress_titles_desc":"Ponente en la sala de conferencias Siemens en Logistics & Automation Madrid 2023","_seopress_robots_index":"","_company_name":"","_job_title":"","_visit_me":"","_email":"","_linkedin":"","_twitter":"","_facebook":"","_instagram":"","_youtube":"","_imdb":"","footnotes":""},"edition":[2237],"guest_type":[1785],"work":[],"class_list":["post-119006","guest","type-guest","status-publish","has-post-thumbnail","hentry","edition-congreso-logistics-autoamtion-23","guest_type-sala-siemens-23"],"_cover_image":null,"_links":{"self":[{"href":"https:\/\/www.logisticsautomationmadrid.com\/en\/wp-json\/wp\/v2\/guest\/119006","targetHints":{"allow":["GET"]}}],"collection":[{"href":"https:\/\/www.logisticsautomationmadrid.com\/en\/wp-json\/wp\/v2\/guest"}],"about":[{"href":"https:\/\/www.logisticsautomationmadrid.com\/en\/wp-json\/wp\/v2\/types\/guest"}],"version-history":[{"count":0,"href":"https:\/\/www.logisticsautomationmadrid.com\/en\/wp-json\/wp\/v2\/guest\/119006\/revisions"}],"wp:featuredmedia":[{"embeddable":true,"href":"https:\/\/www.logisticsautomationmadrid.com\/en\/wp-json\/wp\/v2\/media\/117977"}],"wp:attachment":[{"href":"https:\/\/www.logisticsautomationmadrid.com\/en\/wp-json\/wp\/v2\/media?parent=119006"}],"wp:term":[{"taxonomy":"edition","embeddable":true,"href":"https:\/\/www.logisticsautomationmadrid.com\/en\/wp-json\/wp\/v2\/edition?post=119006"},{"taxonomy":"guest_type","embeddable":true,"href":"https:\/\/www.logisticsautomationmadrid.com\/en\/wp-json\/wp\/v2\/guest_type?post=119006"},{"taxonomy":"work","embeddable":true,"href":"https:\/\/www.logisticsautomationmadrid.com\/en\/wp-json\/wp\/v2\/work?post=119006"}],"curies":[{"name":"wp","href":"https:\/\/api.w.org\/{rel}","templated":true}]}}

Ramón García, Director General, Centro Español de Logística

Ramón García, director general del Centro Español de Logística
