{"id":126044,"date":"2023-11-23T13:24:01","date_gmt":"2023-11-23T12:24:01","guid":{"rendered":"https:\/\/www.logisticsautomationmadrid.com\/speaker\/mar-medeiros-cuina-directora-del-area-de-empresas-alianzas-rsc-d-y-marketing-social-de-inserta-empleo-y-directora-de-marketing-social-y-convenios-de-fundacion-once\/"},"modified":"2023-11-23T13:24:01","modified_gmt":"2023-11-23T12:24:01","slug":"mar-medeiros-cuina-directora-del-area-de-empresas-alianzas-rsc-d-y-marketing-social-de-inserta-empleo-y-directora-de-marketing-social-y-convenios-de-fundacion-once","status":"publish","type":"guest","link":"https:\/\/www.logisticsautomationmadrid.com\/en\/speaker\/mar-medeiros-cuina-directora-del-area-de-empresas-alianzas-rsc-d-y-marketing-social-de-inserta-empleo-y-directora-de-marketing-social-y-convenios-de-fundacion-once\/","title":{"rendered":"Mar Medeiros Cui\u00f1a, Directora del \u00c1rea de Empresas, Alianzas, RSC-D y M\u00e1rketing Social de Inserta Empleo y Directora de M\u00e1rketing Social y Convenios de Fundaci\u00f3n ONCE."},"content":{"rendered":"","protected":false},"excerpt":{"rendered":"","protected":false},"featured_media":125941,"template":"","meta":{"_seopress_robots_primary_cat":"","_seopress_titles_title":"Mar Medeiros Cui\u00f1a, Directora del \u00c1rea de Empresas, Alianzas, RSC-D y M\u00e1rketing Social de Inserta Empleo y Directora de M\u00e1rketing Social y Convenios de Fundaci\u00f3n ONCE.","_seopress_titles_desc":"Mar Medeiros Cui\u00f1a, Directora del \u00c1rea de Empresas, Alianzas, RSC-D y M\u00e1rketing Social de Inserta Empleo y Directora de M\u00e1rketing Social y Convenios de Fundaci\u00f3n ONCE.","_seopress_robots_index":"","_company_name":"","_job_title":"","_visit_me":"","_email":"","_linkedin":"","_twitter":"","_facebook":"","_instagram":"","_youtube":"","_imdb":"","footnotes":""},"edition":[2237],"guest_type":[2271],"work":[],"class_list":["post-126044","guest","type-guest","status-publish","has-post-thumbnail","hentry","edition-congreso-logistics-autoamtion-23","guest_type-sala-log-talent-23"],"_cover_image":null,"_links":{"self":[{"href":"https:\/\/www.logisticsautomationmadrid.com\/en\/wp-json\/wp\/v2\/guest\/126044","targetHints":{"allow":["GET"]}}],"collection":[{"href":"https:\/\/www.logisticsautomationmadrid.com\/en\/wp-json\/wp\/v2\/guest"}],"about":[{"href":"https:\/\/www.logisticsautomationmadrid.com\/en\/wp-json\/wp\/v2\/types\/guest"}],"version-history":[{"count":0,"href":"https:\/\/www.logisticsautomationmadrid.com\/en\/wp-json\/wp\/v2\/guest\/126044\/revisions"}],"wp:featuredmedia":[{"embeddable":true,"href":"https:\/\/www.logisticsautomationmadrid.com\/en\/wp-json\/wp\/v2\/media\/125941"}],"wp:attachment":[{"href":"https:\/\/www.logisticsautomationmadrid.com\/en\/wp-json\/wp\/v2\/media?parent=126044"}],"wp:term":[{"taxonomy":"edition","embeddable":true,"href":"https:\/\/www.logisticsautomationmadrid.com\/en\/wp-json\/wp\/v2\/edition?post=126044"},{"taxonomy":"guest_type","embeddable":true,"href":"https:\/\/www.logisticsautomationmadrid.com\/en\/wp-json\/wp\/v2\/guest_type?post=126044"},{"taxonomy":"work","embeddable":true,"href":"https:\/\/www.logisticsautomationmadrid.com\/en\/wp-json\/wp\/v2\/work?post=126044"}],"curies":[{"name":"wp","href":"https:\/\/api.w.org\/{rel}","templated":true}]}}

Mar Medeiros Cuiña, Directora del Área de Empresas, Alianzas, RSC-D y Márketing Social de Inserta Empleo y Directora de Márketing Social y Convenios de Fundación ONCE.
