{"id":118919,"date":"2023-10-21T12:23:01","date_gmt":"2023-10-21T10:23:01","guid":{"rendered":"https:\/\/www.logisticsautomationmadrid.com\/?post_type=activity&#038;p=118919"},"modified":"2023-11-21T11:40:57","modified_gmt":"2023-11-21T10:40:57","slug":"primer-encuentro-de-excelencia-operacional-en-el-sector-farma","status":"publish","type":"activity","link":"https:\/\/www.logisticsautomationmadrid.com\/es\/session\/primer-encuentro-de-excelencia-operacional-en-el-sector-farma\/","title":{"rendered":"Primer encuentro de excelencia operacional en el sector farma"},"content":{"rendered":"\n<p>El principal objetivo del primer Foro de excelencia operacional en el sector farmac\u00e9utico es unir a todos los eslabones de la cadena de suministro para identificar las buenas pr\u00e1cticas a nivel mundial, con la finalidad de implantar excelencia operacional y dirigir esfuerzos en conseguir plena satisfacci\u00f3n del cliente\/paciente que necesita o utiliza medicamentos y productos complementarios.<\/p>\n","protected":false},"excerpt":{"rendered":"<p><span style=\"font-size: 11.0pt; font-family: Barlow; mso-fareast-font-family: Calibri; mso-fareast-theme-font: minor-latin; mso-bidi-font-family: Calibri; color: black; mso-ligatures: standardcontextual; mso-ansi-language: ES; mso-fareast-language: EN-US; mso-bidi-language: AR-SA;\">E<\/span><span style=\"font-size: 11.0pt; font-family: Barlow; mso-fareast-font-family: Calibri; mso-fareast-theme-font: minor-latin; mso-bidi-font-family: Calibri; mso-ligatures: standardcontextual; mso-ansi-language: ES; mso-fareast-language: EN-US; mso-bidi-language: AR-SA;\">l<span style=\"color: black;\"> principal objetivo<\/span><\/span><span style=\"font-size: 11.0pt; font-family: Barlow; mso-fareast-font-family: Calibri; mso-fareast-theme-font: minor-latin; mso-bidi-font-family: Calibri; color: black; mso-ligatures: standardcontextual; mso-ansi-language: ES; mso-fareast-language: EN-US; mso-bidi-language: AR-SA;\"> del primer Foro de excelencia operacional en el sector farmac\u00e9utico es unir a todos los eslabones de la cadena de suministro para identificar las buenas pr\u00e1cticas a nivel mundial, con la finalidad de implantar excelencia operacional y dirigir esfuerzos en conseguir plena satisfacci\u00f3n del cliente\/paciente que necesita o utiliza medicamentos y productos complementarios.\u00a0<\/span><\/p>\n<h2><span style=\"font-size: 11.0pt; mso-fareast-font-family: 'Times New Roman';\">El alcance est\u00e1 en:<\/span><\/h2>\n<ul style=\"margin-top: 0cm;\" type=\"disc\">\n<li class=\"MsoListParagraph\" style=\"margin-left: 0cm; text-align: justify; mso-list: l0 level1 lfo1;\"><span style=\"font-family: Barlow; mso-fareast-font-family: 'Times New Roman';\">Invitar a mandos de empresas punteras de todos los eslabones de la cadena de suministro.<\/span><\/li>\n<li class=\"MsoListParagraph\" style=\"margin-left: 0cm; text-align: justify; mso-list: l0 level1 lfo1;\"><span style=\"font-family: Barlow; mso-fareast-font-family: 'Times New Roman';\">Desarrollo de mini ponencias por parte de empresas punteras en el sector.<\/span><\/li>\n<li class=\"MsoListParagraph\" style=\"margin-left: 0cm; text-align: justify; mso-list: l0 level1 lfo1;\"><span style=\"font-family: Barlow; mso-fareast-font-family: 'Times New Roman';\">Identificar la situaci\u00f3n del sector y los retos que se enfrentan.<\/span><\/li>\n<li class=\"MsoListParagraph\" style=\"margin-left: 0cm; text-align: justify; mso-list: l0 level1 lfo1;\"><span style=\"font-family: Barlow; mso-fareast-font-family: 'Times New Roman';\">Desarrollo de un dec\u00e1logo con todos los participantes de directrices de desarrollar en el sector<\/span><\/li>\n<\/ul>\n<p class=\"MsoNormal\"><b><span style=\"font-family: Barlow;\">Con la intervenci\u00f3n: <\/span><\/b><\/p>\n<ul style=\"margin-top: 0cm;\" type=\"disc\">\n<li class=\"MsoListParagraph\" style=\"margin-left: 0cm; mso-list: l0 level1 lfo1;\"><span style=\"font-family: Barlow; mso-fareast-font-family: 'Times New Roman';\">Laboratorios<b><\/b><\/span><\/li>\n<li class=\"MsoListParagraph\" style=\"margin-left: 0cm; mso-list: l1 level1 lfo2;\"><span style=\"font-family: Barlow; mso-fareast-font-family: 'Times New Roman';\">Operadores log\u00edsticos<\/span><\/li>\n<li class=\"MsoListParagraph\" style=\"margin-left: 0cm; mso-list: l1 level1 lfo2;\"><span style=\"font-family: Barlow; mso-fareast-font-family: 'Times New Roman';\">Cooperativa<\/span><\/li>\n<li class=\"MsoListParagraph\" style=\"margin-left: 0cm; mso-list: l1 level1 lfo2;\"><span style=\"font-family: Barlow; mso-fareast-font-family: 'Times New Roman';\">Retail farmacia<\/span><\/li>\n<li class=\"MsoListParagraph\" style=\"margin-left: 0cm; mso-list: l1 level1 lfo2;\"><span style=\"font-family: Barlow; mso-fareast-font-family: 'Times New Roman';\">Software especializado<\/span><\/li>\n<li class=\"MsoListParagraph\" style=\"margin-left: 0cm; mso-list: l1 level1 lfo2;\"><span style=\"font-family: Barlow; mso-fareast-font-family: 'Times New Roman';\">Automatizadores Pharma<\/span><\/li>\n<li class=\"MsoListParagraph\" style=\"margin-left: 0cm; mso-list: l1 level1 lfo2;\"><span style=\"font-family: Barlow; mso-fareast-font-family: 'Times New Roman';\">Federaciones y Confederaciones<\/span><\/li>\n<li class=\"MsoListParagraph\" style=\"margin-left: 0cm; mso-list: l1 level1 lfo2;\"><span style=\"font-family: Barlow; mso-fareast-font-family: 'Times New Roman';\">Agrupaciones sectoriales<\/span><\/li>\n<li class=\"MsoListParagraph\" style=\"margin-left: 0cm; mso-list: l1 level1 lfo2;\"><span style=\"font-family: Barlow; mso-fareast-font-family: 'Times New Roman';\">Entidades referentes Supply Chain<\/span><\/li>\n<\/ul>\n<p class=\"MsoNormal\"><b><span style=\"font-family: Barlow;\">AGENDA DEL ENCUENTRO<\/span><\/b><\/p>\n<ul style=\"margin-top: 0cm;\" type=\"disc\">\n<li class=\"MsoListParagraph\" style=\"margin-left: 0cm; mso-list: l0 level1 lfo1;\"><span style=\"font-size: 12.0pt; font-family: Barlow; mso-fareast-font-family: 'Times New Roman';\">Apertura \u2013 Ramon Garc\u00eda, Director General del CEL<\/span><\/li>\n<li class=\"MsoListParagraph\" style=\"margin-left: 0cm; mso-list: l0 level1 lfo1;\"><span style=\"font-size: 12.0pt; font-family: Barlow; mso-fareast-font-family: 'Times New Roman';\">Palabras institucionales \u2013 Mar\u00eda Ram\u00edrez, Responsable de Log\u00edstica del Servicio Andaluz de Salud.<\/span><\/li>\n<li class=\"MsoListParagraph\" style=\"margin-left: 0cm; mso-list: l0 level1 lfo1;\"><span style=\"font-size: 12.0pt; font-family: Barlow; mso-fareast-font-family: 'Times New Roman';\">Elevando la Excelencia Operacional en Pharma \u2013 \u00d3scar Castroviejo, Responsable del Sector Salud de AECOC.<\/span><\/li>\n<li class=\"MsoListParagraph\" style=\"margin-left: 0cm; mso-list: l0 level1 lfo1;\"><span style=\"font-size: 12.0pt; font-family: Barlow; mso-fareast-font-family: 'Times New Roman';\">Intervenciones Ponentes<\/span>\n<ul style=\"margin-top: 0cm;\" type=\"circle\">\n<li class=\"MsoListParagraph\" style=\"margin-left: 0cm; mso-list: l0 level2 lfo1;\"><span style=\"font-size: 12.0pt; font-family: Barlow; mso-fareast-font-family: 'Times New Roman';\">Situaci\u00f3n del Sector \u2013 Ricardo Catelli, Director General de Global Lean<\/span><\/li>\n<li class=\"MsoListParagraph\" style=\"margin-left: 0cm; mso-list: l0 level2 lfo1;\"><span style=\"font-size: 12.0pt; font-family: Barlow; mso-fareast-font-family: 'Times New Roman';\">La excelencia Operacional en sector Pharma &#8211; Matias Escuder, Operational Excellence Corporate Manager de Megalabs<\/span><\/li>\n<li class=\"MsoListParagraph\" style=\"margin-left: 0cm; mso-list: l0 level2 lfo1;\"><span style=\"font-size: 12.0pt; font-family: Barlow; mso-fareast-font-family: 'Times New Roman';\">Posici\u00f3n de los operadores log\u00edsticos \u2013 Cesar Roch, Director de Operaciones de Logista Pharma<\/span><\/li>\n<li class=\"MsoListParagraph\" style=\"margin-left: 0cm; mso-list: l0 level2 lfo1;\"><span style=\"font-size: 12.0pt; font-family: Barlow; mso-fareast-font-family: 'Times New Roman';\">Tendencias del mercado, canales \u2013 Juan Pablo Ar\u00e1n, Director Comercial de Beiersdorf<\/span><\/li>\n<li class=\"MsoListParagraph\" style=\"margin-left: 0cm; mso-list: l0 level2 lfo1;\"><span style=\"font-size: 12.0pt; font-family: Barlow; mso-fareast-font-family: 'Times New Roman';\">Retos de futuros de cadena \u2013 Mercedes Sans\u00f3n, Supply and Project Management Director de Insud Pharma.<\/span><\/li>\n<li class=\"MsoListParagraph\" style=\"margin-left: 0cm; mso-list: l0 level2 lfo1;\"><span style=\"font-size: 12.0pt; font-family: Barlow; mso-fareast-font-family: 'Times New Roman';\">Tips para identificar buenas pr\u00e1cticas que ayuden a implementar la excelencia operacional en el sector pharma \u2013 Jos\u00e9 Antonio Prieto, Product Manager Pharma de Disayt<\/span><\/li>\n<\/ul>\n<\/li>\n<li class=\"MsoListParagraph\" style=\"margin-left: 0cm; mso-list: l0 level1 lfo1;\"><span style=\"font-size: 12.0pt; font-family: Barlow; mso-fareast-font-family: 'Times New Roman';\">Desarrollo de Mesa participativa (Todos los asistentes al encuentro)<\/span>\n<ul style=\"margin-top: 0cm;\" type=\"circle\">\n<li class=\"MsoListParagraph\" style=\"margin-left: 0cm; text-align: justify; mso-list: l0 level2 lfo1;\"><span style=\"font-size: 12.0pt; font-family: Barlow; mso-fareast-font-family: 'Times New Roman';\">Identificar la situaci\u00f3n del sector y los retos que se enfrentan.<\/span><\/li>\n<li class=\"MsoListParagraph\" style=\"margin-left: 0cm; text-align: justify; mso-list: l0 level2 lfo1;\"><span style=\"font-size: 12.0pt; font-family: Barlow; mso-fareast-font-family: 'Times New Roman';\">Desarrollo de un dec\u00e1logo con todos los participantes de directrices de desarrollar en el sector<\/span><\/li>\n<\/ul>\n<\/li>\n<\/ul>\n<p><span style=\"font-size: 12.0pt; font-family: Barlow; mso-fareast-font-family: 'Times New Roman'; mso-bidi-font-family: Calibri; mso-ligatures: standardcontextual; mso-ansi-language: ES; mso-fareast-language: EN-US; mso-bidi-language: AR-SA;\">Cierre del foro \u2013 Ricardo Catelli, Director General de Global Lean<\/span><\/p>\n","protected":false},"featured_media":0,"template":"","meta":{"_seopress_robots_primary_cat":"","_seopress_titles_title":"Primer encuentro de excelencia operacional en el sector farma","_seopress_titles_desc":"El principal objetivo del primer Foro de excelencia operacional en el sector farmac\u00e9utico es unir a todos los eslabones de la cadena de suministro para identificar las buenas pr\u00e1cticas a nivel mundial, con la finalidad de implantar excelencia operacional y dirigir esfuerzos en conseguir plena satisfacci\u00f3n del cliente\/paciente que necesita o utiliza medicamentos y productos complementarios. ","_seopress_robots_index":"","_activity_time_start":"15:00","_activity_time_end":"17:00","_activity_date":"2023-11-29","_activity_price":"0","footnotes":""},"edition":[2237],"location":[2272],"track":[],"activity_type":[2277],"class_list":["post-118919","activity","type-activity","status-publish","hentry","edition-congreso-logistics-autoamtion-23","location-sala-foro-tecnologico-23","activity_type-dia-29"],"_guests":[{"href":"https:\/\/www.logisticsautomationmadrid.com\/es\/wp-json\/wp\/v2\/guest\/124132"},{"href":"https:\/\/www.logisticsautomationmadrid.com\/es\/wp-json\/wp\/v2\/guest\/124127"},{"href":"https:\/\/www.logisticsautomationmadrid.com\/es\/wp-json\/wp\/v2\/guest\/120718"},{"href":"https:\/\/www.logisticsautomationmadrid.com\/es\/wp-json\/wp\/v2\/guest\/120709"},{"href":"https:\/\/www.logisticsautomationmadrid.com\/es\/wp-json\/wp\/v2\/guest\/120580"},{"href":"https:\/\/www.logisticsautomationmadrid.com\/es\/wp-json\/wp\/v2\/guest\/118884"},{"href":"https:\/\/www.logisticsautomationmadrid.com\/es\/wp-json\/wp\/v2\/guest\/118869"},{"href":"https:\/\/www.logisticsautomationmadrid.com\/es\/wp-json\/wp\/v2\/guest\/117966"}],"_sponsors":[],"_cover_image":null,"_links":{"self":[{"href":"https:\/\/www.logisticsautomationmadrid.com\/es\/wp-json\/wp\/v2\/activity\/118919","targetHints":{"allow":["GET"]}}],"collection":[{"href":"https:\/\/www.logisticsautomationmadrid.com\/es\/wp-json\/wp\/v2\/activity"}],"about":[{"href":"https:\/\/www.logisticsautomationmadrid.com\/es\/wp-json\/wp\/v2\/types\/activity"}],"version-history":[{"count":5,"href":"https:\/\/www.logisticsautomationmadrid.com\/es\/wp-json\/wp\/v2\/activity\/118919\/revisions"}],"predecessor-version":[{"id":124139,"href":"https:\/\/www.logisticsautomationmadrid.com\/es\/wp-json\/wp\/v2\/activity\/118919\/revisions\/124139"}],"wp:attachment":[{"href":"https:\/\/www.logisticsautomationmadrid.com\/es\/wp-json\/wp\/v2\/media?parent=118919"}],"wp:term":[{"taxonomy":"edition","embeddable":true,"href":"https:\/\/www.logisticsautomationmadrid.com\/es\/wp-json\/wp\/v2\/edition?post=118919"},{"taxonomy":"location","embeddable":true,"href":"https:\/\/www.logisticsautomationmadrid.com\/es\/wp-json\/wp\/v2\/location?post=118919"},{"taxonomy":"track","embeddable":true,"href":"https:\/\/www.logisticsautomationmadrid.com\/es\/wp-json\/wp\/v2\/track?post=118919"},{"taxonomy":"activity_type","embeddable":true,"href":"https:\/\/www.logisticsautomationmadrid.com\/es\/wp-json\/wp\/v2\/activity_type?post=118919"}],"curies":[{"name":"wp","href":"https:\/\/api.w.org\/{rel}","templated":true}]}}

<p>El principal objetivo del primer Foro de excelencia operacional en el sector farmacéutico es unir a todos los eslabones de la cadena de suministro para identificar las buenas prácticas a nivel mundial, con la finalidad de implantar excelencia operacional y dirigir esfuerzos en conseguir plena satisfacción del cliente/paciente que necesita o utiliza medicamentos y productos complementarios.</p>

<p><span style="font-size: 11.0pt; font-family: Barlow; mso-fareast-font-family: Calibri; mso-fareast-theme-font: minor-latin; mso-bidi-font-family: Calibri; color: black; mso-ligatures: standardcontextual; mso-ansi-language: ES; mso-fareast-language: EN-US; mso-bidi-language: AR-SA;">E</span><span style="font-size: 11.0pt; font-family: Barlow; mso-fareast-font-family: Calibri; mso-fareast-theme-font: minor-latin; mso-bidi-font-family: Calibri; mso-ligatures: standardcontextual; mso-ansi-language: ES; mso-fareast-language: EN-US; mso-bidi-language: AR-SA;">l<span style="color: black;"> principal objetivo</span></span><span style="font-size: 11.0pt; font-family: Barlow; mso-fareast-font-family: Calibri; mso-fareast-theme-font: minor-latin; mso-bidi-font-family: Calibri; color: black; mso-ligatures: standardcontextual; mso-ansi-language: ES; mso-fareast-language: EN-US; mso-bidi-language: AR-SA;"> del primer Foro de excelencia operacional en el sector farmacéutico es unir a todos los eslabones de la cadena de suministro para identificar las buenas prácticas a nivel mundial, con la finalidad de implantar excelencia operacional y dirigir esfuerzos en conseguir plena satisfacción del cliente/paciente que necesita o utiliza medicamentos y productos complementarios. </span></p>
<h2><span style="font-size: 11.0pt; mso-fareast-font-family: 'Times New Roman';">El alcance está en:</span></h2>
<ul style="margin-top: 0cm;" type="disc">
<li class="MsoListParagraph" style="margin-left: 0cm; text-align: justify; mso-list: l0 level1 lfo1;"><span style="font-family: Barlow; mso-fareast-font-family: 'Times New Roman';">Invitar a mandos de empresas punteras de todos los eslabones de la cadena de suministro.</span></li>
<li class="MsoListParagraph" style="margin-left: 0cm; text-align: justify; mso-list: l0 level1 lfo1;"><span style="font-family: Barlow; mso-fareast-font-family: 'Times New Roman';">Desarrollo de mini ponencias por parte de empresas punteras en el sector.</span></li>
<li class="MsoListParagraph" style="margin-left: 0cm; text-align: justify; mso-list: l0 level1 lfo1;"><span style="font-family: Barlow; mso-fareast-font-family: 'Times New Roman';">Identificar la situación del sector y los retos que se enfrentan.</span></li>
<li class="MsoListParagraph" style="margin-left: 0cm; text-align: justify; mso-list: l0 level1 lfo1;"><span style="font-family: Barlow; mso-fareast-font-family: 'Times New Roman';">Desarrollo de un decálogo con todos los participantes de directrices de desarrollar en el sector</span></li>
</ul>
<p class="MsoNormal"><b><span style="font-family: Barlow;">Con la intervención: </span></b></p>
<ul style="margin-top: 0cm;" type="disc">
<li class="MsoListParagraph" style="margin-left: 0cm; mso-list: l0 level1 lfo1;"><span style="font-family: Barlow; mso-fareast-font-family: 'Times New Roman';">Laboratorios<b></b></span></li>
<li class="MsoListParagraph" style="margin-left: 0cm; mso-list: l1 level1 lfo2;"><span style="font-family: Barlow; mso-fareast-font-family: 'Times New Roman';">Operadores logísticos</span></li>
<li class="MsoListParagraph" style="margin-left: 0cm; mso-list: l1 level1 lfo2;"><span style="font-family: Barlow; mso-fareast-font-family: 'Times New Roman';">Cooperativa</span></li>
<li class="MsoListParagraph" style="margin-left: 0cm; mso-list: l1 level1 lfo2;"><span style="font-family: Barlow; mso-fareast-font-family: 'Times New Roman';">Retail farmacia</span></li>
<li class="MsoListParagraph" style="margin-left: 0cm; mso-list: l1 level1 lfo2;"><span style="font-family: Barlow; mso-fareast-font-family: 'Times New Roman';">Software especializado</span></li>
<li class="MsoListParagraph" style="margin-left: 0cm; mso-list: l1 level1 lfo2;"><span style="font-family: Barlow; mso-fareast-font-family: 'Times New Roman';">Automatizadores Pharma</span></li>
<li class="MsoListParagraph" style="margin-left: 0cm; mso-list: l1 level1 lfo2;"><span style="font-family: Barlow; mso-fareast-font-family: 'Times New Roman';">Federaciones y Confederaciones</span></li>
<li class="MsoListParagraph" style="margin-left: 0cm; mso-list: l1 level1 lfo2;"><span style="font-family: Barlow; mso-fareast-font-family: 'Times New Roman';">Agrupaciones sectoriales</span></li>
<li class="MsoListParagraph" style="margin-left: 0cm; mso-list: l1 level1 lfo2;"><span style="font-family: Barlow; mso-fareast-font-family: 'Times New Roman';">Entidades referentes Supply Chain</span></li>
</ul>
<p class="MsoNormal"><b><span style="font-family: Barlow;">AGENDA DEL ENCUENTRO</span></b></p>
<ul style="margin-top: 0cm;" type="disc">
<li class="MsoListParagraph" style="margin-left: 0cm; mso-list: l0 level1 lfo1;"><span style="font-size: 12.0pt; font-family: Barlow; mso-fareast-font-family: 'Times New Roman';">Apertura – Ramon García, Director General del CEL</span></li>
<li class="MsoListParagraph" style="margin-left: 0cm; mso-list: l0 level1 lfo1;"><span style="font-size: 12.0pt; font-family: Barlow; mso-fareast-font-family: 'Times New Roman';">Palabras institucionales – María Ramírez, Responsable de Logística del Servicio Andaluz de Salud.</span></li>
<li class="MsoListParagraph" style="margin-left: 0cm; mso-list: l0 level1 lfo1;"><span style="font-size: 12.0pt; font-family: Barlow; mso-fareast-font-family: 'Times New Roman';">Elevando la Excelencia Operacional en Pharma – Óscar Castroviejo, Responsable del Sector Salud de AECOC.</span></li>
<li class="MsoListParagraph" style="margin-left: 0cm; mso-list: l0 level1 lfo1;"><span style="font-size: 12.0pt; font-family: Barlow; mso-fareast-font-family: 'Times New Roman';">Intervenciones Ponentes</span>
<ul style="margin-top: 0cm;" type="circle">
<li class="MsoListParagraph" style="margin-left: 0cm; mso-list: l0 level2 lfo1;"><span style="font-size: 12.0pt; font-family: Barlow; mso-fareast-font-family: 'Times New Roman';">Situación del Sector – Ricardo Catelli, Director General de Global Lean</span></li>
<li class="MsoListParagraph" style="margin-left: 0cm; mso-list: l0 level2 lfo1;"><span style="font-size: 12.0pt; font-family: Barlow; mso-fareast-font-family: 'Times New Roman';">La excelencia Operacional en sector Pharma &#8211; Matias Escuder, Operational Excellence Corporate Manager de Megalabs</span></li>
<li class="MsoListParagraph" style="margin-left: 0cm; mso-list: l0 level2 lfo1;"><span style="font-size: 12.0pt; font-family: Barlow; mso-fareast-font-family: 'Times New Roman';">Posición de los operadores logísticos – Cesar Roch, Director de Operaciones de Logista Pharma</span></li>
<li class="MsoListParagraph" style="margin-left: 0cm; mso-list: l0 level2 lfo1;"><span style="font-size: 12.0pt; font-family: Barlow; mso-fareast-font-family: 'Times New Roman';">Tendencias del mercado, canales – Juan Pablo Arán, Director Comercial de Beiersdorf</span></li>
<li class="MsoListParagraph" style="margin-left: 0cm; mso-list: l0 level2 lfo1;"><span style="font-size: 12.0pt; font-family: Barlow; mso-fareast-font-family: 'Times New Roman';">Retos de futuros de cadena – Mercedes Sansón, Supply and Project Management Director de Insud Pharma.</span></li>
<li class="MsoListParagraph" style="margin-left: 0cm; mso-list: l0 level2 lfo1;"><span style="font-size: 12.0pt; font-family: Barlow; mso-fareast-font-family: 'Times New Roman';">Tips para identificar buenas prácticas que ayuden a implementar la excelencia operacional en el sector pharma – José Antonio Prieto, Product Manager Pharma de Disayt</span></li>
</ul>
</li>
<li class="MsoListParagraph" style="margin-left: 0cm; mso-list: l0 level1 lfo1;"><span style="font-size: 12.0pt; font-family: Barlow; mso-fareast-font-family: 'Times New Roman';">Desarrollo de Mesa participativa (Todos los asistentes al encuentro)</span>
<ul style="margin-top: 0cm;" type="circle">
<li class="MsoListParagraph" style="margin-left: 0cm; text-align: justify; mso-list: l0 level2 lfo1;"><span style="font-size: 12.0pt; font-family: Barlow; mso-fareast-font-family: 'Times New Roman';">Identificar la situación del sector y los retos que se enfrentan.</span></li>
<li class="MsoListParagraph" style="margin-left: 0cm; text-align: justify; mso-list: l0 level2 lfo1;"><span style="font-size: 12.0pt; font-family: Barlow; mso-fareast-font-family: 'Times New Roman';">Desarrollo de un decálogo con todos los participantes de directrices de desarrollar en el sector</span></li>
</ul>
</li>
</ul>
<p><span style="font-size: 12.0pt; font-family: Barlow; mso-fareast-font-family: 'Times New Roman'; mso-bidi-font-family: Calibri; mso-ligatures: standardcontextual; mso-ansi-language: ES; mso-fareast-language: EN-US; mso-bidi-language: AR-SA;">Cierre del foro – Ricardo Catelli, Director General de Global Lean</span></p>

El principal objetivo del primer Foro de excelencia operacional en el sector farmacéutico es unir a todos los eslabones de la cadena de suministro para identificar las buenas prácticas a nivel mundial, con la finalidad de implantar excelencia operacional y dirigir esfuerzos en conseguir plena satisfacción del cliente/paciente que necesita o utiliza medicamentos y productos complementarios.
