{"id":117966,"date":"2023-10-19T14:57:35","date_gmt":"2023-10-19T12:57:35","guid":{"rendered":"https:\/\/www.logisticsautomationmadrid.com\/?post_type=guest&#038;p=117966"},"modified":"2023-11-18T12:40:51","modified_gmt":"2023-11-18T11:40:51","slug":"ramon-garcia-director-general-del-centro-espanol-de-logistica","status":"publish","type":"guest","link":"https:\/\/www.logisticsautomationmadrid.com\/es\/speaker\/ramon-garcia-director-general-del-centro-espanol-de-logistica\/","title":{"rendered":"Ram\u00f3n Garc\u00eda, director general, Centro Espa\u00f1ol de Log\u00edstica"},"content":{"rendered":"","protected":false},"excerpt":{"rendered":"","protected":false},"featured_media":117976,"template":"","meta":{"_seopress_robots_primary_cat":"","_seopress_titles_title":"Ram\u00f3n Garc\u00eda, director general del Centro Espa\u00f1ol de Log\u00edstica","_seopress_titles_desc":"Ponente en la sala de conferencias Siemens en Logistics &amp; Automation Madrid 2023","_seopress_robots_index":"","_company_name":"","_job_title":"","_visit_me":"","_email":"","_linkedin":"","_twitter":"","_facebook":"","_instagram":"","_youtube":"","_imdb":"","footnotes":""},"edition":[2237],"guest_type":[1786,1785,2269],"work":[],"class_list":["post-117966","guest","type-guest","status-publish","has-post-thumbnail","hentry","edition-congreso-logistics-autoamtion-23","guest_type-sala-foro-tecnologico-23","guest_type-sala-siemens-23","guest_type-sala-td-23"],"_cover_image":null,"_links":{"self":[{"href":"https:\/\/www.logisticsautomationmadrid.com\/es\/wp-json\/wp\/v2\/guest\/117966","targetHints":{"allow":["GET"]}}],"collection":[{"href":"https:\/\/www.logisticsautomationmadrid.com\/es\/wp-json\/wp\/v2\/guest"}],"about":[{"href":"https:\/\/www.logisticsautomationmadrid.com\/es\/wp-json\/wp\/v2\/types\/guest"}],"version-history":[{"count":2,"href":"https:\/\/www.logisticsautomationmadrid.com\/es\/wp-json\/wp\/v2\/guest\/117966\/revisions"}],"predecessor-version":[{"id":118084,"href":"https:\/\/www.logisticsautomationmadrid.com\/es\/wp-json\/wp\/v2\/guest\/117966\/revisions\/118084"}],"wp:featuredmedia":[{"embeddable":true,"href":"https:\/\/www.logisticsautomationmadrid.com\/es\/wp-json\/wp\/v2\/media\/117976"}],"wp:attachment":[{"href":"https:\/\/www.logisticsautomationmadrid.com\/es\/wp-json\/wp\/v2\/media?parent=117966"}],"wp:term":[{"taxonomy":"edition","embeddable":true,"href":"https:\/\/www.logisticsautomationmadrid.com\/es\/wp-json\/wp\/v2\/edition?post=117966"},{"taxonomy":"guest_type","embeddable":true,"href":"https:\/\/www.logisticsautomationmadrid.com\/es\/wp-json\/wp\/v2\/guest_type?post=117966"},{"taxonomy":"work","embeddable":true,"href":"https:\/\/www.logisticsautomationmadrid.com\/es\/wp-json\/wp\/v2\/work?post=117966"}],"curies":[{"name":"wp","href":"https:\/\/api.w.org\/{rel}","templated":true}]}}

Ramón García, director general, Centro Español de Logística

Ramón García, director general del Centro Español de Logística
