{"id":120718,"date":"2023-10-28T18:30:16","date_gmt":"2023-10-28T16:30:16","guid":{"rendered":"https:\/\/www.logisticsautomationmadrid.com\/?post_type=guest&#038;p=120718"},"modified":"2023-11-18T12:41:17","modified_gmt":"2023-11-18T11:41:17","slug":"maria-ramirez-gutierrez-responsable-de-logistica-en-el-servicio-andaluz-de-la-salud","status":"publish","type":"guest","link":"https:\/\/www.logisticsautomationmadrid.com\/es\/speaker\/maria-ramirez-gutierrez-responsable-de-logistica-en-el-servicio-andaluz-de-la-salud\/","title":{"rendered":"Mar\u00eda Ram\u00edrez Gutierrez, Responsable de Log\u00edstica en el Servicio Andaluz de la Salud"},"content":{"rendered":"","protected":false},"excerpt":{"rendered":"","protected":false},"featured_media":120726,"template":"","meta":{"_seopress_robots_primary_cat":"","_seopress_titles_title":"Mar\u00eda Ram\u00edrez Gutierrez, Responsable de Log\u00edstica en el Servicio Andaluz de la Salud","_seopress_titles_desc":"Conferenciante sala slimstock feria Logistics &amp; Automation Madrid 2023","_seopress_robots_index":"","_company_name":"","_job_title":"","_visit_me":"","_email":"","_linkedin":"","_twitter":"","_facebook":"","_instagram":"","_youtube":"","_imdb":"","footnotes":""},"edition":[2237],"guest_type":[1786,2300],"work":[],"class_list":["post-120718","guest","type-guest","status-publish","has-post-thumbnail","hentry","edition-congreso-logistics-autoamtion-23","guest_type-sala-foro-tecnologico-23","guest_type-sala-punto-de-encuentro-del-conocimiento-23"],"_cover_image":null,"_links":{"self":[{"href":"https:\/\/www.logisticsautomationmadrid.com\/es\/wp-json\/wp\/v2\/guest\/120718","targetHints":{"allow":["GET"]}}],"collection":[{"href":"https:\/\/www.logisticsautomationmadrid.com\/es\/wp-json\/wp\/v2\/guest"}],"about":[{"href":"https:\/\/www.logisticsautomationmadrid.com\/es\/wp-json\/wp\/v2\/types\/guest"}],"version-history":[{"count":1,"href":"https:\/\/www.logisticsautomationmadrid.com\/es\/wp-json\/wp\/v2\/guest\/120718\/revisions"}],"predecessor-version":[{"id":120730,"href":"https:\/\/www.logisticsautomationmadrid.com\/es\/wp-json\/wp\/v2\/guest\/120718\/revisions\/120730"}],"wp:featuredmedia":[{"embeddable":true,"href":"https:\/\/www.logisticsautomationmadrid.com\/es\/wp-json\/wp\/v2\/media\/120726"}],"wp:attachment":[{"href":"https:\/\/www.logisticsautomationmadrid.com\/es\/wp-json\/wp\/v2\/media?parent=120718"}],"wp:term":[{"taxonomy":"edition","embeddable":true,"href":"https:\/\/www.logisticsautomationmadrid.com\/es\/wp-json\/wp\/v2\/edition?post=120718"},{"taxonomy":"guest_type","embeddable":true,"href":"https:\/\/www.logisticsautomationmadrid.com\/es\/wp-json\/wp\/v2\/guest_type?post=120718"},{"taxonomy":"work","embeddable":true,"href":"https:\/\/www.logisticsautomationmadrid.com\/es\/wp-json\/wp\/v2\/work?post=120718"}],"curies":[{"name":"wp","href":"https:\/\/api.w.org\/{rel}","templated":true}]}}

María Ramírez Gutierrez, Responsable de Logística en el Servicio Andaluz de la Salud
