{"id":123469,"date":"2023-11-10T19:30:16","date_gmt":"2023-11-10T18:30:16","guid":{"rendered":"https:\/\/www.logisticsautomationmadrid.com\/?post_type=guest&#038;p=123469"},"modified":"2023-11-10T19:30:17","modified_gmt":"2023-11-10T18:30:17","slug":"pilar-galeto-coordinadora-de-dual-departamento-del-ciclo-de-transporte-y-logistica-en-fundacion-dolores-sopena","status":"publish","type":"guest","link":"https:\/\/www.logisticsautomationmadrid.com\/es\/speaker\/pilar-galeto-coordinadora-de-dual-departamento-del-ciclo-de-transporte-y-logistica-en-fundacion-dolores-sopena\/","title":{"rendered":"Pilar Galeto. Coordinadora de DUAL. Departamento del Ciclo de Transporte y Log\u00edstica en Fundaci\u00f3n Dolores Sope\u00f1a."},"content":{"rendered":"","protected":false},"excerpt":{"rendered":"","protected":false},"featured_media":123415,"template":"","meta":{"_seopress_robots_primary_cat":"","_seopress_titles_title":"Pilar Galeto. Coordinadora de DUAL. Departamento del Ciclo de Transporte y Log\u00edstica en Fundaci\u00f3n Dolores Sope\u00f1a.","_seopress_titles_desc":"Pilar Galeto. Coordinadora de DUAL. Departamento del Ciclo de Transporte y Log\u00edstica en Fundaci\u00f3n Dolores Sope\u00f1a.","_seopress_robots_index":"","_company_name":"","_job_title":"","_visit_me":"","_email":"","_linkedin":"","_twitter":"","_facebook":"","_instagram":"","_youtube":"","_imdb":"","footnotes":""},"edition":[2237],"guest_type":[2271],"work":[],"class_list":["post-123469","guest","type-guest","status-publish","has-post-thumbnail","hentry","edition-congreso-logistics-autoamtion-23","guest_type-sala-log-talent-23"],"_cover_image":null,"_links":{"self":[{"href":"https:\/\/www.logisticsautomationmadrid.com\/es\/wp-json\/wp\/v2\/guest\/123469","targetHints":{"allow":["GET"]}}],"collection":[{"href":"https:\/\/www.logisticsautomationmadrid.com\/es\/wp-json\/wp\/v2\/guest"}],"about":[{"href":"https:\/\/www.logisticsautomationmadrid.com\/es\/wp-json\/wp\/v2\/types\/guest"}],"version-history":[{"count":1,"href":"https:\/\/www.logisticsautomationmadrid.com\/es\/wp-json\/wp\/v2\/guest\/123469\/revisions"}],"predecessor-version":[{"id":123471,"href":"https:\/\/www.logisticsautomationmadrid.com\/es\/wp-json\/wp\/v2\/guest\/123469\/revisions\/123471"}],"wp:featuredmedia":[{"embeddable":true,"href":"https:\/\/www.logisticsautomationmadrid.com\/es\/wp-json\/wp\/v2\/media\/123415"}],"wp:attachment":[{"href":"https:\/\/www.logisticsautomationmadrid.com\/es\/wp-json\/wp\/v2\/media?parent=123469"}],"wp:term":[{"taxonomy":"edition","embeddable":true,"href":"https:\/\/www.logisticsautomationmadrid.com\/es\/wp-json\/wp\/v2\/edition?post=123469"},{"taxonomy":"guest_type","embeddable":true,"href":"https:\/\/www.logisticsautomationmadrid.com\/es\/wp-json\/wp\/v2\/guest_type?post=123469"},{"taxonomy":"work","embeddable":true,"href":"https:\/\/www.logisticsautomationmadrid.com\/es\/wp-json\/wp\/v2\/work?post=123469"}],"curies":[{"name":"wp","href":"https:\/\/api.w.org\/{rel}","templated":true}]}}

Pilar Galeto. Coordinadora de DUAL. Departamento del Ciclo de Transporte y Logística en Fundación Dolores Sopeña.
