{"id":125526,"date":"2023-11-21T13:06:49","date_gmt":"2023-11-21T12:06:49","guid":{"rendered":"https:\/\/www.logisticsautomationmadrid.com\/?post_type=guest&#038;p=125526"},"modified":"2023-11-21T13:07:06","modified_gmt":"2023-11-21T12:07:06","slug":"esther-imedio-gerente-de-alianzas-esg-y-gestion-de-impacto-de-fundacion-juan-xxiii","status":"publish","type":"guest","link":"https:\/\/www.logisticsautomationmadrid.com\/es\/speaker\/esther-imedio-gerente-de-alianzas-esg-y-gestion-de-impacto-de-fundacion-juan-xxiii\/","title":{"rendered":"Esther Imedio, gerente de Alianzas ESG y Gesti\u00f3n de Impacto de Fundaci\u00f3n Juan XXIII."},"content":{"rendered":"","protected":false},"excerpt":{"rendered":"","protected":false},"featured_media":125530,"template":"","meta":{"_seopress_robots_primary_cat":"","_seopress_titles_title":"Esther Imedio, gerente de Alianzas ESG y Gesti\u00f3n de Impacto de Fundaci\u00f3n Juan XXIII. ","_seopress_titles_desc":"Esther Imedio, gerente de Alianzas ESG y Gesti\u00f3n de Impacto de Fundaci\u00f3n Juan XXIII. ","_seopress_robots_index":"","_company_name":"","_job_title":"","_visit_me":"","_email":"","_linkedin":"","_twitter":"","_facebook":"","_instagram":"","_youtube":"","_imdb":"","footnotes":""},"edition":[2237],"guest_type":[2271],"work":[],"class_list":["post-125526","guest","type-guest","status-publish","has-post-thumbnail","hentry","edition-congreso-logistics-autoamtion-23","guest_type-sala-log-talent-23"],"_cover_image":null,"_links":{"self":[{"href":"https:\/\/www.logisticsautomationmadrid.com\/es\/wp-json\/wp\/v2\/guest\/125526","targetHints":{"allow":["GET"]}}],"collection":[{"href":"https:\/\/www.logisticsautomationmadrid.com\/es\/wp-json\/wp\/v2\/guest"}],"about":[{"href":"https:\/\/www.logisticsautomationmadrid.com\/es\/wp-json\/wp\/v2\/types\/guest"}],"version-history":[{"count":1,"href":"https:\/\/www.logisticsautomationmadrid.com\/es\/wp-json\/wp\/v2\/guest\/125526\/revisions"}],"predecessor-version":[{"id":125544,"href":"https:\/\/www.logisticsautomationmadrid.com\/es\/wp-json\/wp\/v2\/guest\/125526\/revisions\/125544"}],"wp:featuredmedia":[{"embeddable":true,"href":"https:\/\/www.logisticsautomationmadrid.com\/es\/wp-json\/wp\/v2\/media\/125530"}],"wp:attachment":[{"href":"https:\/\/www.logisticsautomationmadrid.com\/es\/wp-json\/wp\/v2\/media?parent=125526"}],"wp:term":[{"taxonomy":"edition","embeddable":true,"href":"https:\/\/www.logisticsautomationmadrid.com\/es\/wp-json\/wp\/v2\/edition?post=125526"},{"taxonomy":"guest_type","embeddable":true,"href":"https:\/\/www.logisticsautomationmadrid.com\/es\/wp-json\/wp\/v2\/guest_type?post=125526"},{"taxonomy":"work","embeddable":true,"href":"https:\/\/www.logisticsautomationmadrid.com\/es\/wp-json\/wp\/v2\/work?post=125526"}],"curies":[{"name":"wp","href":"https:\/\/api.w.org\/{rel}","templated":true}]}}

Esther Imedio, gerente de Alianzas ESG y Gestión de Impacto de Fundación Juan XXIII.
