{"id":125575,"date":"2023-11-21T14:37:35","date_gmt":"2023-11-21T13:37:35","guid":{"rendered":"https:\/\/www.logisticsautomationmadrid.com\/?post_type=guest&#038;p=125575"},"modified":"2023-11-21T14:44:37","modified_gmt":"2023-11-21T13:44:37","slug":"daniel-sanchez-y-mercedes-moreno-empleados-de-la-linea-de-logistica-de-fundacion-juan-xxiii","status":"publish","type":"guest","link":"https:\/\/www.logisticsautomationmadrid.com\/es\/speaker\/daniel-sanchez-y-mercedes-moreno-empleados-de-la-linea-de-logistica-de-fundacion-juan-xxiii\/","title":{"rendered":"Daniel S\u00e1nchez, empleados de la l\u00ednea de Log\u00edstica de Fundaci\u00f3n Juan XXIII"},"content":{"rendered":"","protected":false},"excerpt":{"rendered":"","protected":false},"featured_media":125528,"template":"","meta":{"_seopress_robots_primary_cat":"","_seopress_titles_title":"Daniel S\u00e1nchez y Mercedes Moreno, empleados de la l\u00ednea de Log\u00edstica de Fundaci\u00f3n Juan XXIII","_seopress_titles_desc":"Daniel S\u00e1nchez y Mercedes Moreno, empleados de la l\u00ednea de Log\u00edstica de Fundaci\u00f3n Juan XXIII","_seopress_robots_index":"","_company_name":"","_job_title":"","_visit_me":"","_email":"","_linkedin":"","_twitter":"","_facebook":"","_instagram":"","_youtube":"","_imdb":"","footnotes":""},"edition":[2237],"guest_type":[2271],"work":[],"class_list":["post-125575","guest","type-guest","status-publish","has-post-thumbnail","hentry","edition-congreso-logistics-autoamtion-23","guest_type-sala-log-talent-23"],"_cover_image":null,"_links":{"self":[{"href":"https:\/\/www.logisticsautomationmadrid.com\/es\/wp-json\/wp\/v2\/guest\/125575","targetHints":{"allow":["GET"]}}],"collection":[{"href":"https:\/\/www.logisticsautomationmadrid.com\/es\/wp-json\/wp\/v2\/guest"}],"about":[{"href":"https:\/\/www.logisticsautomationmadrid.com\/es\/wp-json\/wp\/v2\/types\/guest"}],"version-history":[{"count":2,"href":"https:\/\/www.logisticsautomationmadrid.com\/es\/wp-json\/wp\/v2\/guest\/125575\/revisions"}],"predecessor-version":[{"id":125595,"href":"https:\/\/www.logisticsautomationmadrid.com\/es\/wp-json\/wp\/v2\/guest\/125575\/revisions\/125595"}],"wp:featuredmedia":[{"embeddable":true,"href":"https:\/\/www.logisticsautomationmadrid.com\/es\/wp-json\/wp\/v2\/media\/125528"}],"wp:attachment":[{"href":"https:\/\/www.logisticsautomationmadrid.com\/es\/wp-json\/wp\/v2\/media?parent=125575"}],"wp:term":[{"taxonomy":"edition","embeddable":true,"href":"https:\/\/www.logisticsautomationmadrid.com\/es\/wp-json\/wp\/v2\/edition?post=125575"},{"taxonomy":"guest_type","embeddable":true,"href":"https:\/\/www.logisticsautomationmadrid.com\/es\/wp-json\/wp\/v2\/guest_type?post=125575"},{"taxonomy":"work","embeddable":true,"href":"https:\/\/www.logisticsautomationmadrid.com\/es\/wp-json\/wp\/v2\/work?post=125575"}],"curies":[{"name":"wp","href":"https:\/\/api.w.org\/{rel}","templated":true}]}}

Daniel Sánchez, empleados de la línea de Logística de Fundación Juan XXIII

Daniel Sánchez y Mercedes Moreno, empleados de la línea de Logística de Fundación Juan XXIII
