{"id":61907,"date":"2022-08-25T09:26:24","date_gmt":"2022-08-25T07:26:24","guid":{"rendered":"https:\/\/www.logisticsautomationmadrid.com\/es\/?post_type=guest&#038;p=61907"},"modified":"2023-10-09T14:33:55","modified_gmt":"2023-10-09T12:33:55","slug":"ricardo-catelli-director-general-global-lean","status":"publish","type":"guest","link":"https:\/\/www.logisticsautomationmadrid.com\/es\/speaker\/ricardo-catelli-director-general-global-lean\/","title":{"rendered":"Ricardo Catelli, Director General, Global Lean"},"content":{"rendered":"<div class=\"um-header\">\n<div class=\"um-profile-meta\">\n<div class=\"um-meta-text\">Ingeniero MBA Metal\u00fargico, especialista en Supply Chain Management. Con mas de 25 a\u00f1os de experiencia laboral en el \u00e1rea de Operaciones. Profesor del MBA de la Polit\u00e9cnica de madrid y colaborador en programas Master de logistica Integral.<\/div>\n<\/div>\n<div class=\"um-clear\"><\/div>\n<\/div>\n<div class=\"um-profile-navbar \">\n<div class=\"um-clear\"><\/div>\n<\/div>\n<div class=\"um-profile-nav\">\n<div class=\"um-profile-nav-item um-profile-nav-posts active\"><\/div>\n<\/div>\n","protected":false},"excerpt":{"rendered":"<p>Ingeniero MBA Metal\u00fargico, especialista en Supply Chain Management. Con mas de 25 a\u00f1os de experiencia laboral en el \u00e1rea de Operaciones. Profesor del MBA de la Polit\u00e9cnica de madrid y colaborador en programas Master de logistica Integral.<\/p>\n","protected":false},"featured_media":63582,"template":"","meta":{"_seopress_robots_primary_cat":"","_seopress_titles_title":"","_seopress_titles_desc":"","_seopress_robots_index":"","_company_name":"","_job_title":"","_visit_me":"","_email":"","_linkedin":"https:\/\/www.linkedin.com\/in\/ricardocatelli\/?originalSubdomain=es","_twitter":"https:\/\/twitter.com\/catelliricardo","_facebook":"","_instagram":"","_youtube":"","_imdb":"","footnotes":""},"edition":[2236],"guest_type":[1821],"work":[],"class_list":["post-61907","guest","type-guest","status-publish","has-post-thumbnail","hentry","edition-congreso-logistics-autoamtion-22","guest_type-sala-foro-tecnologico-22"],"_cover_image":{"href":"https:\/\/www.logisticsautomationmadrid.com\/es\/wp-json\/wp\/v2\/media\/63582"},"_links":{"self":[{"href":"https:\/\/www.logisticsautomationmadrid.com\/es\/wp-json\/wp\/v2\/guest\/61907","targetHints":{"allow":["GET"]}}],"collection":[{"href":"https:\/\/www.logisticsautomationmadrid.com\/es\/wp-json\/wp\/v2\/guest"}],"about":[{"href":"https:\/\/www.logisticsautomationmadrid.com\/es\/wp-json\/wp\/v2\/types\/guest"}],"version-history":[{"count":1,"href":"https:\/\/www.logisticsautomationmadrid.com\/es\/wp-json\/wp\/v2\/guest\/61907\/revisions"}],"predecessor-version":[{"id":61909,"href":"https:\/\/www.logisticsautomationmadrid.com\/es\/wp-json\/wp\/v2\/guest\/61907\/revisions\/61909"}],"wp:featuredmedia":[{"embeddable":true,"href":"https:\/\/www.logisticsautomationmadrid.com\/es\/wp-json\/wp\/v2\/media\/63582"}],"wp:attachment":[{"href":"https:\/\/www.logisticsautomationmadrid.com\/es\/wp-json\/wp\/v2\/media?parent=61907"}],"wp:term":[{"taxonomy":"edition","embeddable":true,"href":"https:\/\/www.logisticsautomationmadrid.com\/es\/wp-json\/wp\/v2\/edition?post=61907"},{"taxonomy":"guest_type","embeddable":true,"href":"https:\/\/www.logisticsautomationmadrid.com\/es\/wp-json\/wp\/v2\/guest_type?post=61907"},{"taxonomy":"work","embeddable":true,"href":"https:\/\/www.logisticsautomationmadrid.com\/es\/wp-json\/wp\/v2\/work?post=61907"}],"curies":[{"name":"wp","href":"https:\/\/api.w.org\/{rel}","templated":true}]}}

<div class="um-header">
<div class="um-profile-meta">
<div class="um-meta-text">Ingeniero MBA Metalúrgico, especialista en Supply Chain Management. Con mas de 25 años de experiencia laboral en el área de Operaciones. Profesor del MBA de la Politécnica de madrid y colaborador en programas Master de logistica Integral.</div>
</div>
<div class="um-clear"></div>
</div>
<div class="um-profile-navbar ">
<div class="um-clear"></div>
</div>
<div class="um-profile-nav">
<div class="um-profile-nav-item um-profile-nav-posts active"></div>
</div>

<p>Ingeniero MBA Metalúrgico, especialista en Supply Chain Management. Con mas de 25 años de experiencia laboral en el área de Operaciones. Profesor del MBA de la Politécnica de madrid y colaborador en programas Master de logistica Integral.</p>
