{"id":62009,"date":"2022-08-26T09:10:06","date_gmt":"2022-08-26T07:10:06","guid":{"rendered":"https:\/\/www.logisticsautomationmadrid.com\/es\/?post_type=guest&#038;p=62009"},"modified":"2023-10-09T14:33:55","modified_gmt":"2023-10-09T12:33:55","slug":"ricardo-catelli-director-general-global-lean-2","status":"publish","type":"guest","link":"https:\/\/www.logisticsautomationmadrid.com\/es\/speaker\/ricardo-catelli-director-general-global-lean-2\/","title":{"rendered":"Rosa Mart\u00ed, HR Business Partner Specialist, Exotec By Dexter"},"content":{"rendered":"<p>Experta en el \u00e1rea de la gesti\u00f3n de Talento, Recursos Humanos y Operaciones. Con m\u00e1s de 15 a\u00f1os de experiencia en empresas de diferentes sectores, en entornos nacionales e internacionales.<\/p>\n<p>Especializada en la adquisici\u00f3n de Talento, Gesti\u00f3n de Equipos, carreras profesionales, formaci\u00f3n y liderazgo, empleabilidad y desarrollo de personas. Experta en el Test de Lenguaje de la conducta DISC, motivadores e inteligencia emocional<\/p>\n<p>Socia fundadora de \u201cTalent Solution\u201d, consultora especializada en Proyectos de Desarrollo de Talento.<\/p>\n","protected":false},"excerpt":{"rendered":"<p>Experta en el \u00e1rea de la gesti\u00f3n de Talento, Recursos Humanos y Operaciones. Con m\u00e1s de 15 a\u00f1os de experiencia en empresas de diferentes sectores, en entornos nacionales e internacionales. Especializada en la adquisici\u00f3n de Talento, Gesti\u00f3n de Equipos, carreras profesionales, formaci\u00f3n y liderazgo, empleabilidad y desarrollo de personas. Experta en el Test de Lenguaje [&hellip;]<\/p>\n","protected":false},"featured_media":63587,"template":"","meta":{"_seopress_robots_primary_cat":"","_seopress_titles_title":"","_seopress_titles_desc":"","_seopress_robots_index":"","_company_name":"","_job_title":"","_visit_me":"","_email":"","_linkedin":"https:\/\/www.linkedin.com\/in\/rosamarti\/?originalSubdomain=es","_twitter":"","_facebook":"","_instagram":"","_youtube":"","_imdb":"","footnotes":""},"edition":[2236],"guest_type":[1821],"work":[],"class_list":["post-62009","guest","type-guest","status-publish","has-post-thumbnail","hentry","edition-congreso-logistics-autoamtion-22","guest_type-sala-foro-tecnologico-22"],"_cover_image":null,"_links":{"self":[{"href":"https:\/\/www.logisticsautomationmadrid.com\/es\/wp-json\/wp\/v2\/guest\/62009","targetHints":{"allow":["GET"]}}],"collection":[{"href":"https:\/\/www.logisticsautomationmadrid.com\/es\/wp-json\/wp\/v2\/guest"}],"about":[{"href":"https:\/\/www.logisticsautomationmadrid.com\/es\/wp-json\/wp\/v2\/types\/guest"}],"version-history":[{"count":2,"href":"https:\/\/www.logisticsautomationmadrid.com\/es\/wp-json\/wp\/v2\/guest\/62009\/revisions"}],"predecessor-version":[{"id":63589,"href":"https:\/\/www.logisticsautomationmadrid.com\/es\/wp-json\/wp\/v2\/guest\/62009\/revisions\/63589"}],"wp:featuredmedia":[{"embeddable":true,"href":"https:\/\/www.logisticsautomationmadrid.com\/es\/wp-json\/wp\/v2\/media\/63587"}],"wp:attachment":[{"href":"https:\/\/www.logisticsautomationmadrid.com\/es\/wp-json\/wp\/v2\/media?parent=62009"}],"wp:term":[{"taxonomy":"edition","embeddable":true,"href":"https:\/\/www.logisticsautomationmadrid.com\/es\/wp-json\/wp\/v2\/edition?post=62009"},{"taxonomy":"guest_type","embeddable":true,"href":"https:\/\/www.logisticsautomationmadrid.com\/es\/wp-json\/wp\/v2\/guest_type?post=62009"},{"taxonomy":"work","embeddable":true,"href":"https:\/\/www.logisticsautomationmadrid.com\/es\/wp-json\/wp\/v2\/work?post=62009"}],"curies":[{"name":"wp","href":"https:\/\/api.w.org\/{rel}","templated":true}]}}

Rosa Martí, HR Business Partner Specialist, Exotec By Dexter

<p>Experta en el área de la gestión de Talento, Recursos Humanos y Operaciones. Con más de 15 años de experiencia en empresas de diferentes sectores, en entornos nacionales e internacionales.</p>
<p>Especializada en la adquisición de Talento, Gestión de Equipos, carreras profesionales, formación y liderazgo, empleabilidad y desarrollo de personas. Experta en el Test de Lenguaje de la conducta DISC, motivadores e inteligencia emocional</p>
<p>Socia fundadora de “Talent Solution”, consultora especializada en Proyectos de Desarrollo de Talento.</p>

<p>Experta en el área de la gestión de Talento, Recursos Humanos y Operaciones. Con más de 15 años de experiencia en empresas de diferentes sectores, en entornos nacionales e internacionales. Especializada en la adquisición de Talento, Gestión de Equipos, carreras profesionales, formación y liderazgo, empleabilidad y desarrollo de personas. Experta en el Test de Lenguaje [&hellip;]</p>
