{"id":68573,"date":"2022-09-13T10:00:39","date_gmt":"2022-09-13T08:00:39","guid":{"rendered":"https:\/\/www.logisticsautomationmadrid.com\/es\/?post_type=guest&#038;p=68573"},"modified":"2023-10-09T14:34:14","modified_gmt":"2023-10-09T12:34:14","slug":"ramon-garcia-director-general-centro-espanol-de-logistica-cel-director-general-cluster-manager-citet","status":"publish","type":"guest","link":"https:\/\/www.logisticsautomationmadrid.com\/es\/speaker\/ramon-garcia-director-general-centro-espanol-de-logistica-cel-director-general-cluster-manager-citet\/","title":{"rendered":"Ram\u00f3n Garc\u00eda, Director General Centro Espa\u00f1ol de Log\u00edstica (CEL)"},"content":{"rendered":"","protected":false},"excerpt":{"rendered":"","protected":false},"featured_media":68575,"template":"","meta":{"_seopress_robots_primary_cat":"","_seopress_titles_title":"","_seopress_titles_desc":"","_seopress_robots_index":"","_company_name":"","_job_title":"","_visit_me":"","_email":"","_linkedin":"linkedin.com\/in\/ramon-garcia-garcia-1781909","_twitter":"","_facebook":"","_instagram":"","_youtube":"","_imdb":"","footnotes":""},"edition":[2236],"guest_type":[1820,1819],"work":[],"class_list":["post-68573","guest","type-guest","status-publish","has-post-thumbnail","hentry","edition-congreso-logistics-autoamtion-22","guest_type-sala-punto-de-encuentro-del-conocimiento-22","guest_type-sala-td-22"],"_cover_image":null,"_links":{"self":[{"href":"https:\/\/www.logisticsautomationmadrid.com\/es\/wp-json\/wp\/v2\/guest\/68573","targetHints":{"allow":["GET"]}}],"collection":[{"href":"https:\/\/www.logisticsautomationmadrid.com\/es\/wp-json\/wp\/v2\/guest"}],"about":[{"href":"https:\/\/www.logisticsautomationmadrid.com\/es\/wp-json\/wp\/v2\/types\/guest"}],"version-history":[{"count":2,"href":"https:\/\/www.logisticsautomationmadrid.com\/es\/wp-json\/wp\/v2\/guest\/68573\/revisions"}],"predecessor-version":[{"id":87014,"href":"https:\/\/www.logisticsautomationmadrid.com\/es\/wp-json\/wp\/v2\/guest\/68573\/revisions\/87014"}],"wp:featuredmedia":[{"embeddable":true,"href":"https:\/\/www.logisticsautomationmadrid.com\/es\/wp-json\/wp\/v2\/media\/68575"}],"wp:attachment":[{"href":"https:\/\/www.logisticsautomationmadrid.com\/es\/wp-json\/wp\/v2\/media?parent=68573"}],"wp:term":[{"taxonomy":"edition","embeddable":true,"href":"https:\/\/www.logisticsautomationmadrid.com\/es\/wp-json\/wp\/v2\/edition?post=68573"},{"taxonomy":"guest_type","embeddable":true,"href":"https:\/\/www.logisticsautomationmadrid.com\/es\/wp-json\/wp\/v2\/guest_type?post=68573"},{"taxonomy":"work","embeddable":true,"href":"https:\/\/www.logisticsautomationmadrid.com\/es\/wp-json\/wp\/v2\/work?post=68573"}],"curies":[{"name":"wp","href":"https:\/\/api.w.org\/{rel}","templated":true}]}}

Ramón García, Director General Centro Español de Logística (CEL)
