{"id":70714,"date":"2022-09-15T11:54:54","date_gmt":"2022-09-15T09:54:54","guid":{"rendered":"https:\/\/www.logisticsautomationmadrid.com\/es\/?post_type=guest&#038;p=70714"},"modified":"2023-10-09T14:34:51","modified_gmt":"2023-10-09T12:34:51","slug":"guillermo-perez-morales-directivo-grupo-eulen","status":"publish","type":"guest","link":"https:\/\/www.logisticsautomationmadrid.com\/es\/speaker\/guillermo-perez-morales-directivo-grupo-eulen\/","title":{"rendered":"Guillermo Perez Morales, Directivo, Grupo EULEN"},"content":{"rendered":"<p>Vicepresidente para la Alianza para el desarrollo del talento digital. Directivo en Grupo EULEN, L\u00edder de proyectos, Operaciones, Transformaci\u00f3n digital, Direcci\u00f3n estrat\u00e9gica, Metodolog\u00eda LEAN, Tecnolog\u00eda, Digicultura, Personas<\/p>\n","protected":false},"excerpt":{"rendered":"<p>Vicepresidente para la Alianza para el desarrollo del talento digital. Directivo en Grupo EULEN, L\u00edder de proyectos, Operaciones, Transformaci\u00f3n digital, Direcci\u00f3n estrat\u00e9gica, Metodolog\u00eda LEAN, Tecnolog\u00eda, Digicultura, Personas<\/p>\n","protected":false},"featured_media":70716,"template":"","meta":{"_seopress_robots_primary_cat":"","_seopress_titles_title":"","_seopress_titles_desc":"","_seopress_robots_index":"","_company_name":"","_job_title":"","_visit_me":"","_email":"","_linkedin":"linkedin.com\/in\/guillermoperezmorales","_twitter":"","_facebook":"","_instagram":"","_youtube":"","_imdb":"","footnotes":""},"edition":[2236],"guest_type":[1823],"work":[],"class_list":["post-70714","guest","type-guest","status-publish","has-post-thumbnail","hentry","edition-congreso-logistics-autoamtion-22","guest_type-sala-log-talent"],"_cover_image":null,"_links":{"self":[{"href":"https:\/\/www.logisticsautomationmadrid.com\/es\/wp-json\/wp\/v2\/guest\/70714","targetHints":{"allow":["GET"]}}],"collection":[{"href":"https:\/\/www.logisticsautomationmadrid.com\/es\/wp-json\/wp\/v2\/guest"}],"about":[{"href":"https:\/\/www.logisticsautomationmadrid.com\/es\/wp-json\/wp\/v2\/types\/guest"}],"version-history":[{"count":1,"href":"https:\/\/www.logisticsautomationmadrid.com\/es\/wp-json\/wp\/v2\/guest\/70714\/revisions"}],"predecessor-version":[{"id":70718,"href":"https:\/\/www.logisticsautomationmadrid.com\/es\/wp-json\/wp\/v2\/guest\/70714\/revisions\/70718"}],"wp:featuredmedia":[{"embeddable":true,"href":"https:\/\/www.logisticsautomationmadrid.com\/es\/wp-json\/wp\/v2\/media\/70716"}],"wp:attachment":[{"href":"https:\/\/www.logisticsautomationmadrid.com\/es\/wp-json\/wp\/v2\/media?parent=70714"}],"wp:term":[{"taxonomy":"edition","embeddable":true,"href":"https:\/\/www.logisticsautomationmadrid.com\/es\/wp-json\/wp\/v2\/edition?post=70714"},{"taxonomy":"guest_type","embeddable":true,"href":"https:\/\/www.logisticsautomationmadrid.com\/es\/wp-json\/wp\/v2\/guest_type?post=70714"},{"taxonomy":"work","embeddable":true,"href":"https:\/\/www.logisticsautomationmadrid.com\/es\/wp-json\/wp\/v2\/work?post=70714"}],"curies":[{"name":"wp","href":"https:\/\/api.w.org\/{rel}","templated":true}]}}

<p>Vicepresidente para la Alianza para el desarrollo del talento digital. Directivo en Grupo EULEN, Líder de proyectos, Operaciones, Transformación digital, Dirección estratégica, Metodología LEAN, Tecnología, Digicultura, Personas</p>
