{"id":82909,"date":"2022-10-11T10:22:31","date_gmt":"2022-10-11T08:22:31","guid":{"rendered":"https:\/\/www.logisticsautomationmadrid.com\/?post_type=guest&#038;p=82909"},"modified":"2023-10-09T14:35:49","modified_gmt":"2023-10-09T12:35:49","slug":"rafael-aguilera-director-gerente-de-uno-organizacion-empresarial-de-logistica-y-transporte-de-espana","status":"publish","type":"guest","link":"https:\/\/www.logisticsautomationmadrid.com\/es\/speaker\/rafael-aguilera-director-gerente-de-uno-organizacion-empresarial-de-logistica-y-transporte-de-espana\/","title":{"rendered":"Rafael Aguilera, Director Gerente de UNO, Organizaci\u00f3n Empresarial de Log\u00edstica y Transporte de Espa\u00f1a"},"content":{"rendered":"","protected":false},"excerpt":{"rendered":"","protected":false},"featured_media":84281,"template":"","meta":{"_seopress_robots_primary_cat":"","_seopress_titles_title":"","_seopress_titles_desc":"","_seopress_robots_index":"","_company_name":"","_job_title":"","_visit_me":"","_email":"","_linkedin":"linkedin.com\/in\/rafael-aguilera-uno-log\u00edstica-transporte-cadena-suministro-ecommerce","_twitter":"","_facebook":"","_instagram":"","_youtube":"","_imdb":"","footnotes":""},"edition":[2236],"guest_type":[1818],"work":[],"class_list":["post-82909","guest","type-guest","status-publish","has-post-thumbnail","hentry","edition-congreso-logistics-autoamtion-22","guest_type-sala-hai-22"],"_cover_image":null,"_links":{"self":[{"href":"https:\/\/www.logisticsautomationmadrid.com\/es\/wp-json\/wp\/v2\/guest\/82909","targetHints":{"allow":["GET"]}}],"collection":[{"href":"https:\/\/www.logisticsautomationmadrid.com\/es\/wp-json\/wp\/v2\/guest"}],"about":[{"href":"https:\/\/www.logisticsautomationmadrid.com\/es\/wp-json\/wp\/v2\/types\/guest"}],"version-history":[{"count":1,"href":"https:\/\/www.logisticsautomationmadrid.com\/es\/wp-json\/wp\/v2\/guest\/82909\/revisions"}],"predecessor-version":[{"id":82911,"href":"https:\/\/www.logisticsautomationmadrid.com\/es\/wp-json\/wp\/v2\/guest\/82909\/revisions\/82911"}],"wp:featuredmedia":[{"embeddable":true,"href":"https:\/\/www.logisticsautomationmadrid.com\/es\/wp-json\/wp\/v2\/media\/84281"}],"wp:attachment":[{"href":"https:\/\/www.logisticsautomationmadrid.com\/es\/wp-json\/wp\/v2\/media?parent=82909"}],"wp:term":[{"taxonomy":"edition","embeddable":true,"href":"https:\/\/www.logisticsautomationmadrid.com\/es\/wp-json\/wp\/v2\/edition?post=82909"},{"taxonomy":"guest_type","embeddable":true,"href":"https:\/\/www.logisticsautomationmadrid.com\/es\/wp-json\/wp\/v2\/guest_type?post=82909"},{"taxonomy":"work","embeddable":true,"href":"https:\/\/www.logisticsautomationmadrid.com\/es\/wp-json\/wp\/v2\/work?post=82909"}],"curies":[{"name":"wp","href":"https:\/\/api.w.org\/{rel}","templated":true}]}}

Rafael Aguilera, Director Gerente de UNO, Organización Empresarial de Logística y Transporte de España

linkedin.com/in/rafael-aguilera-uno-logística-transporte-cadena-suministro-ecommerce
