{"id":84153,"date":"2022-10-12T09:33:22","date_gmt":"2022-10-12T07:33:22","guid":{"rendered":"https:\/\/www.logisticsautomationmadrid.com\/?post_type=guest&#038;p=84153"},"modified":"2023-10-09T14:36:06","modified_gmt":"2023-10-09T12:36:06","slug":"javier-merida-country-manager-p3-logistics-parks","status":"publish","type":"guest","link":"https:\/\/www.logisticsautomationmadrid.com\/es\/speaker\/javier-merida-country-manager-p3-logistics-parks\/","title":{"rendered":"Javier Merida, Country Manager, P3 logistics PARKS"},"content":{"rendered":"<p>Javier M\u00e9rida es Director General de P3 Logistic Parks en Espa\u00f1a y hace parte del Equipo de Direcci\u00f3n del Grupo. Anteriormente en P3, Javier desempe\u00f1aba el cargo de Head of Asset Management &amp; Acquisition para el mercado espa\u00f1ol durante cerca de 4 a\u00f1os.<\/p>\n<p>Javier cuenta con amplia experiencia en el sector de la log\u00edstica y del inmobiliario, habiendo trabajado para grandes compa\u00f1\u00edas como SAVILLS REIM, BNP Paribas Real Estate o TPG Almindus.<\/p>\n<p>Javier es licenciado en Ciencias Econ\u00f3micas y Empresariales por la Universidad Complutense de Madrid y MBA con primera menci\u00f3n de honor por el IEB.<\/p>\n","protected":false},"excerpt":{"rendered":"<p>Javier M\u00e9rida es Director General de P3 Logistic Parks en Espa\u00f1a y hace parte del Equipo de Direcci\u00f3n del Grupo. Anteriormente en P3, Javier desempe\u00f1aba el cargo de Head of Asset Management &amp; Acquisition para el mercado espa\u00f1ol durante cerca de 4 a\u00f1os. Javier cuenta con amplia experiencia en el sector de la log\u00edstica y [&hellip;]<\/p>\n","protected":false},"featured_media":84155,"template":"","meta":{"_seopress_robots_primary_cat":"","_seopress_titles_title":"","_seopress_titles_desc":"","_seopress_robots_index":"","_company_name":"","_job_title":"","_visit_me":"","_email":"","_linkedin":"linkedin.com\/in\/javier-m\u00e9rida-garc\u00eda","_twitter":"","_facebook":"","_instagram":"","_youtube":"","_imdb":"","footnotes":""},"edition":[2236],"guest_type":[1818],"work":[],"class_list":["post-84153","guest","type-guest","status-publish","has-post-thumbnail","hentry","edition-congreso-logistics-autoamtion-22","guest_type-sala-hai-22"],"_cover_image":null,"_links":{"self":[{"href":"https:\/\/www.logisticsautomationmadrid.com\/es\/wp-json\/wp\/v2\/guest\/84153","targetHints":{"allow":["GET"]}}],"collection":[{"href":"https:\/\/www.logisticsautomationmadrid.com\/es\/wp-json\/wp\/v2\/guest"}],"about":[{"href":"https:\/\/www.logisticsautomationmadrid.com\/es\/wp-json\/wp\/v2\/types\/guest"}],"version-history":[{"count":3,"href":"https:\/\/www.logisticsautomationmadrid.com\/es\/wp-json\/wp\/v2\/guest\/84153\/revisions"}],"predecessor-version":[{"id":85053,"href":"https:\/\/www.logisticsautomationmadrid.com\/es\/wp-json\/wp\/v2\/guest\/84153\/revisions\/85053"}],"wp:featuredmedia":[{"embeddable":true,"href":"https:\/\/www.logisticsautomationmadrid.com\/es\/wp-json\/wp\/v2\/media\/84155"}],"wp:attachment":[{"href":"https:\/\/www.logisticsautomationmadrid.com\/es\/wp-json\/wp\/v2\/media?parent=84153"}],"wp:term":[{"taxonomy":"edition","embeddable":true,"href":"https:\/\/www.logisticsautomationmadrid.com\/es\/wp-json\/wp\/v2\/edition?post=84153"},{"taxonomy":"guest_type","embeddable":true,"href":"https:\/\/www.logisticsautomationmadrid.com\/es\/wp-json\/wp\/v2\/guest_type?post=84153"},{"taxonomy":"work","embeddable":true,"href":"https:\/\/www.logisticsautomationmadrid.com\/es\/wp-json\/wp\/v2\/work?post=84153"}],"curies":[{"name":"wp","href":"https:\/\/api.w.org\/{rel}","templated":true}]}}

<p>Javier Mérida es Director General de P3 Logistic Parks en España y hace parte del Equipo de Dirección del Grupo. Anteriormente en P3, Javier desempeñaba el cargo de Head of Asset Management &amp; Acquisition para el mercado español durante cerca de 4 años.</p>
<p>Javier cuenta con amplia experiencia en el sector de la logística y del inmobiliario, habiendo trabajado para grandes compañías como SAVILLS REIM, BNP Paribas Real Estate o TPG Almindus.</p>
<p>Javier es licenciado en Ciencias Económicas y Empresariales por la Universidad Complutense de Madrid y MBA con primera mención de honor por el IEB.</p>

<p>Javier Mérida es Director General de P3 Logistic Parks en España y hace parte del Equipo de Dirección del Grupo. Anteriormente en P3, Javier desempeñaba el cargo de Head of Asset Management &amp; Acquisition para el mercado español durante cerca de 4 años. Javier cuenta con amplia experiencia en el sector de la logística y [&hellip;]</p>

linkedin.com/in/javier-mérida-garcía
